 n(k) = 2*k**3 - 3*k**2 + 2*k - 2. What is the units digit of n(l)?
6
What is the units digit of 3996 + ((-23)/92 - (-42)/8)?
1
Let j(k) = -3*k - 5 - k**3 - 7*k**2 + 7 - 5 - 1. What is the units digit of j(-7)?
7
Suppose 2*c + 96 = -94. Let b = 192 + c. What is the tens digit of b?
9
Suppose -11*q + 5522 = -4565. What is the hundreds digit of q?
9
Suppose -4*a + 3705 = -5871. What is the tens digit of a?
9
Let d(l) be the second derivative of 7*l**6/240 + l**5/120 + l**4/2 - 12*l. Let y(s) be the third derivative of d(s). What is the tens digit of y(2)?
4
Suppose 3*y + 4 + 14 = 0. What is the tens digit of 31 + (4 + y)*-1?
3
Suppose -21 = -4*d - 49. Let x(q) = q**3 + 7*q**2 - q - 5. Let f be x(d). Suppose -5*t + 37 = f. What is the units digit of t?
7
Let y = 8 + -4. Suppose 3*m - 18 = -6. Suppose 80 = 4*w - 2*j + j, 100 = m*w + y*j. What is the units digit of w?
1
Suppose z - 3*p = 104 + 253, 3*z = p + 1031. What is the tens digit of z?
4
Suppose 5*g + 2*t - 1041 = 0, -3*g + 2*t = 10 - 641. Let v = g - 148. What is the units digit of v?
1
Let f(t) = -547*t - 114. What is the units digit of f(-3)?
7
Let l(b) = 14 + 13 - 29 - 42*b. What is the units digit of l(-2)?
2
Suppose -z - 5*w = -15, -4*z - 3 = -4*w + 3*w. Suppose 0 = 5*s - z*s - 15. Suppose s*c = c + 26. What is the tens digit of c?
1
Suppose 2*u = -4*b + 4250, 31*u = 4*b + 34*u - 4255. What is the units digit of b?
0
Let q be 247/(-39) + 1/3. Let z be 1 + 1 + q/(-3). Suppose x - 3*x - 203 = -5*p, 0 = 3*p - z*x - 119. What is the tens digit of p?
4
Let n = 2860 - 2199. What is the hundreds digit of n?
6
Let x be ((-8)/4)/((-4)/6). Suppose -4*z + 8 = -3*h, 7 = 5*z - 3*h - 3. Suppose 2*k + z = x*k. What is the units digit of k?
2
What is the tens digit of (-1 - 5/(-5)) + 146?
4
Let r(z) = z**3 - 6*z**2 - 10*z + 17. Let o = -30 - -37. Let d be r(o). What is the units digit of d/(-6)*(-1 + 82)?
4
Suppose -4*l - 1508 = -4*b, -4*l + 3 = -7*l. What is the units digit of b?
6
Let u(q) = q**3 - 3*q**2 - q + 3. Let b be u(3). Suppose b*l = l - 123. What is the units digit of l/5 + (-2)/(-5)?
5
What is the hundreds digit of 5*-58*(36/(-15) - 4)?
8
Suppose 0 = 33*w - 26*w - 3605. What is the tens digit of w?
1
Let t(l) = 22*l**2 - 16*l + 88. What is the hundreds digit of t(7)?
0
Let j(p) be the second derivative of -p**5/20 - p**4/2 + p**3 - 2*p**2 - p. Let t be (10 - 11)/((-10)/(-70)). What is the units digit of j(t)?
3
Let x(w) = w**3 - 9*w**2 - 10*w + 5. Let j be x(10). Suppose 24 + 103 = 2*f - 3*d, -280 = -j*f - 5*d. Let z = f - 36. What is the units digit of z?
3
Suppose -o = 5*r - 224, 101 = o + 4*r - 120. Suppose -1015 + o = -4*a + 2*c, -3*a + 5*c = -615. What is the units digit of a?
0
What is the hundreds digit of (-4)/7 + ((-1438344)/63)/(-12)?
9
Suppose 3*w = u - 9, u = -5*w + 2*w - 3. Let v be 33/(-22)*(-8)/u. Suppose v*n - 2*n = 108. What is the tens digit of n?
5
Suppose -5*n + 22 = -2*a - a, 2*n + 4*a + 12 = 0. Suppose 4*c - 3*c = n*g - 31, -2*g = -2*c - 26. What is the units digit of g?
8
Suppose -2*k = 5*g - 7562, 6*k - 5*k - 4*g = 3781. What is the hundreds digit of k?
7
Let w = -148 + 230. What is the units digit of w?
2
Suppose -2*s - 105 = -2*y + 9, 3*s - 2*y + 174 = 0. Let l = s - -141. What is the units digit of l?
1
Let x(k) = k + 7. Let u be x(-6). Let j be 32 - u - 1*4. Suppose 0 = m - j - 15. What is the tens digit of m?
4
Let d be -118 + (-8)/((-16)/6). Let r = 245 + d. What is the units digit of r?
0
What is the units digit of (59459/(-185))/((-3)/30)?
4
Suppose 0 = 15*a + a - 11808. What is the units digit of a?
8
Let k = 3031 - 199. What is the hundreds digit of k?
8
Let a be (20/15)/((-4)/(-18)). Let s = a + 30. What is the units digit of s?
6
Let m = 23 - 64. Suppose 3*z + 121 = 4*s - 46, 5*s = 4*z + 224. Let d = m - z. What is the units digit of d?
0
Let c(p) = -358*p + 71. Let i be c(-11). Suppose -11*a - i = -30*a. What is the hundreds digit of a?
2
Suppose -4*v = 7*t - 9*t - 4848, 5*t = 0. What is the thousands digit of v?
1
Let p(f) = -79*f - 5. What is the tens digit of p(-2)?
5
Let t be (18 - 11) + (-8)/2. Suppose -5*y = -t*y. Suppose z - 38 + 3 = y. What is the units digit of z?
5
Suppose 439 = 4*p - 3*d, -3*p + 2*p = -5*d - 131. Suppose -4*x = -62 - p. What is the tens digit of x?
4
Suppose -3*h - 2643 = 5*j - 10922, 4*j = h - 2788. What is the hundreds digit of h?
7
Let b = -8 - -10. Let i(x) = 3*x - x**3 + 9*x**b - 2*x**2 - 10 + 0*x. What is the units digit of i(7)?
1
Let k = 44 + 47. Suppose -183 = -4*q - 5*s + k, -5*q = 4*s - 347. What is the tens digit of q?
7
Suppose 5*d - 2*j = 2*d + 2482, 2452 = 3*d + 4*j. Suppose -22*c + 18*c + d = 0. What is the hundreds digit of c?
2
Let g(n) = 2377*n - 35. What is the thousands digit of g(1)?
2
Let v = -350 - -1572. What is the thousands digit of v?
1
Suppose 539 = d - i, 4*d + i - 2166 = -0*i. What is the tens digit of d?
4
Suppose 0 = w + 2*w - 30. Let a = 12 - w. Suppose 0 = 3*g + 6, a*p + 0*p - 58 = 4*g. What is the tens digit of p?
2
Let z(o) = -o**3 - 5*o**2 + 9*o - 6. Suppose 4*a + 20 = -8. What is the units digit of z(a)?
9
Let a(l) = -123*l + 119. What is the units digit of a(-14)?
1
Let g be -2 + 12/9*3. Suppose d - 10 = -g*j + 7*j, 4*j = -5*d + 21. Suppose -d*u - 55 = -k - k, -3*k = 3*u - 93. What is the units digit of k?
0
Let g(r) = 18*r**2 - 14*r - 30. What is the units digit of g(8)?
0
Let k be 2 + -15*6/(-9). Suppose 3*c = 6*c - 5*m - 62, -m = 3*c - 38. Suppose c*g - 86 = k*g. What is the tens digit of g?
4
Let k(t) = 3*t**2 + 16*t + 41. What is the units digit of k(-8)?
5
Let u = 403 + -300. What is the units digit of u?
3
Let t be 15/3 + (0 - -651). Suppose -t = -14*v + 10*v. What is the hundreds digit of v?
1
Let i(f) = -2*f**2 + 4*f - 9. Let u be i(6). Let k = -54 + 42. Let x = k - u. What is the tens digit of x?
4
Suppose -4*y + 19 = 3. What is the hundreds digit of ((-20)/(4/(-2)))/(y/46)?
1
Suppose -15*n + 140 = -20*n. Let y = 61 + n. What is the tens digit of y?
3
Suppose 5*j + 4*s = 253, -5*s = 4*j - 4*s - 209. What is the tens digit of j + 0*(-2)/(-4)?
5
Let i be 2*(-2)/4*3. Suppose 2*a + 5*j + 2 = 3, -a = j - 8. Let q = a - i. What is the tens digit of q?
1
Suppose -3*n + 5*p + 17 = -0*n, -3*p + 9 = 3*n. Suppose -12 = -n*c, -2*c = -2*k - 28 + 104. What is the units digit of k?
1
Let o = -13 - -17. Suppose 4*b + 2*i - 664 = 0, o*i = b + i - 180. What is the hundreds digit of b?
1
Let v(h) = 3*h**2 + 19*h + 30. Let p be v(-14). Suppose -2*a = 96 - p. What is the units digit of a?
8
Suppose 6*f + 13440 = 38*f. What is the hundreds digit of f?
4
Let l(p) = p**2 - 24*p - 112. What is the units digit of l(-14)?
0
Suppose -n + 4579 = 4*u, -20*u = -2*n - 16*u + 9122. What is the thousands digit of n?
4
Let t(c) be the third derivative of -c**5/60 - 2*c**4/3 + 16*c**3/3 + 15*c**2. What is the tens digit of t(-16)?
3
Let d be (-71280)/78 + (-8)/52. What is the tens digit of (-34)/(-153) - d/18?
5
What is the units digit of (-3 - -29)*-1*(-130)/4?
5
Let w(a) = 8*a + 867. What is the tens digit of w(-62)?
7
Let p be 7/(-5) - 16/(-40) - 23. What is the units digit of p/((-2)/(-16)*-3)?
4
Suppose 3099 = -6*u + 25923. What is the units digit of u?
4
Suppose -4*p + t - 54 = 70, 4*p = 3*t - 132. Suppose -13*k - w = -15*k + 20, 0 = k + 2*w - 15. Let l = k - p. What is the tens digit of l?
4
Suppose -4*t - 12 = -4. What is the units digit of (56/(-7))/(1/t)?
6
Let k(r) be the first derivative of 22*r**3 - 5*r**2 + 15*r + 33. What is the tens digit of k(2)?
5
Let s(d) = d - 2. Let m = -10 - -12. Let k be s(m). Suppose -x + 11 + 7 = k. What is the tens digit of x?
1
Let p(b) = -105*b - 260. What is the thousands digit of p(-32)?
3
Suppose l = -4*b + 33, -b + 15 - 62 = -4*l. What is the units digit of l?
3
Suppose 0 = 4*i - 695 - 177. What is the units digit of i?
8
Let k = -14 - -16. What is the units digit of (-6)/(144/(-844)) - k/12?
5
Suppose 6*l + 45 = l + h, 2*l = -5*h + 9. Let j(s) = -s**3 - 2*s**2 + 18*s + 11. What is the units digit of j(l)?
1
Let o = -1789 - -2431. What is the hundreds digit of o?
6
Let c be (2/4)/(1/38). Let m = c - 14. Suppose -5*w - 3*h + 37 = -0*w, -h - 41 = -m*w. What is the units digit of w?
8
Let p(d) = d**3 - 10*d**2 + 9*d + 5. Let u be p(9). Suppose 160 = -u*j + 500.